he highest common factor of t and 16.
16
Let h(y) = y. Let n be h(2). Suppose 217 = n*g + 1. What is the greatest common divisor of g and 12?
12
Let r(f) = f**3 + 8*f**2 + 2. Let t be r(-8). Suppose -t*u + 0*u = -28. Calculate the highest common divisor of u and 154.
14
Let x = -91 + 195. Calculate the highest common factor of x and 13.
13
Suppose -178 = -4*h - 30. Let n = 67 - h. Let d = 9 - -3. Calculate the highest common factor of d and n.
6
Suppose -36*y + 98 = -29*y. Suppose -5*a = -0*a - 490. Calculate the highest common divisor of y and a.
14
Let z be 1/(-1) - (-903)/3. Suppose z = -0*k + 3*k. Calculate the greatest common divisor of 10 and k.
10
Let k be 4*((-297)/(-44))/(1/2). Let m(p) = 4*p - 6. Let g be m(6). Calculate the highest common factor of k and g.
18
Let u(g) = -2 - 2*g + 3*g + 0*g + 1. Let t be u(3). What is the greatest common divisor of t and 22?
2
Let t = 5 - -4. What is the highest common divisor of 18 and t?
9
Suppose 6*y - 56 = 28. What is the greatest common divisor of 84 and y?
14
Let r(z) = 6*z - 58. Let i be r(19). Calculate the greatest common factor of 28 and i.
28
Suppose 60 = 38*g - 35*g. What is the highest common divisor of 12 and g?
4
Suppose -5*y = -3*n - 2*n + 30, 3*n - 18 = -5*y. Let x be -1 + 2/(n/9). Let r be x/8 - (-190)/8. Calculate the greatest common factor of 6 and r.
6
Let h be (-2)/(-7) + 1161/(-21). Let t be (0 + 1)/((-1)/h). What is the highest common factor of 22 and t?
11
Let x = -22 - -26. Let w = 7 - x. What is the greatest common divisor of 12 and w?
3
Let j(p) = p - 7. Let g be j(6). Let b = g + -3. Let t be ((-3)/b)/((-2)/(-40)). What is the highest common divisor of t and 3?
3
Suppose 32*j - 37*j + 25 = 0. Let v be 1/((-2)/(-28)) + 1. What is the greatest common factor of j and v?
5
Suppose -4*r - 5 - 7 = 0, -5*r = -3*w + 39. Suppose 0 = -2*j - w + 42. Let a = 44 - j. What is the greatest common divisor of a and 18?
9
Suppose -4 - 8 = -3*c, -3*c + 14 = o. Let u = -3 - -5. Suppose -z + 2*z = u. Calculate the highest common divisor of z and o.
2
Suppose -4*r + 5*m - 7 + 55 = 0, 3*r - 36 = -3*m. What is the highest common factor of 30 and r?
6
Suppose 714 = m + 2*m. Calculate the highest common factor of 34 and m.
34
Let w = 3 - 4. Let u = w - 9. Let h be (110/3)/(u/(-15)). What is the highest common divisor of 5 and h?
5
Let s be -12*(-5)/(10/12). Calculate the highest common divisor of 48 and s.
24
Let j be (9/18)/((-1)/(-8)). Suppose 5*h + 4 = -a, 0 = -3*a + j*h + 68 - 23. What is the highest common divisor of a and 1?
1
Let r(h) = h**2 + 3*h - 3. Let a be r(-7). What is the highest common divisor of 10 and a?
5
Suppose 67 + 3 = n - 3*v, -90 = -2*n - 4*v. What is the highest common divisor of 11 and n?
11
Suppose -j + 419 = 5*y - 33, y + 4*j = 98. What is the greatest common factor of 15 and y?
15
Let z be -4*2*(-9)/8. Suppose 9*r - 4*r = -25, -2*f + 2*r + 208 = 0. Calculate the greatest common divisor of f and z.
9
Let i be (184/(-16))/(2/(-4)). What is the greatest common factor of i and 161?
23
Let l be 4/(-12) - (-318)/9. Calculate the highest common divisor of l and 14.
7
Let i be (2/4 + 28/(-16))*-4. Calculate the greatest common divisor of i and 10.
5
Suppose 0*c - 30 = -2*c. Let s = -319 - -334. What is the greatest common factor of s and c?
15
Suppose 4*z = 2*z + 10. Suppose 0 = 7*x - 2*x - z. Calculate the greatest common divisor of x and 1.
1
Let i(f) = f**2 - 2*f + 30. Let l be i(0). Calculate the greatest common factor of l and 240.
30
Let u(y) = y**2 + 2*y + 21. Let w be u(0). Let i(k) = -32*k. Let n be i(-6). Suppose -648 = -5*f + n. What is the greatest common factor of f and w?
21
Let u(k) = k. Let b be u(3). Suppose -77 = q - 2*q + 5*j, -b*j + 102 = 2*q. What is the greatest common divisor of q and 38?
19
Suppose 5*q - 26 - 11 = -4*u, q - 2 = u. Let j(d) = -d**2 + d + 35. Let l be j(0). Calculate the greatest common divisor of l and q.
5
Suppose 2*h = -6 + 10. What is the highest common divisor of 8 and h?
2
Suppose -3*m + 21 = x, -6*m - 32 = -2*x - 2*m. What is the highest common divisor of 6 and x?
6
Let r(a) = -a**3 - 8*a**2 - 6*a + 9. Let v be r(-7). What is the greatest common factor of v and 22?
2
Suppose 0 = -3*j - 2*c - 3*c + 50, -35 = -2*j - 5*c. Calculate the greatest common divisor of j and 15.
15
Let f be 209/3 + (-4)/(-12). Calculate the highest common factor of 28 and f.
14
Suppose s = 3*g + 45, -s + 5*g - g + 50 = 0. Calculate the greatest common divisor of s and 15.
15
Suppose -23 = 3*n - 3*i - 5, 2*i - 17 = 3*n. Let y = 16 - n. Calculate the greatest common divisor of y and 42.
21
Suppose -5*u - 8 = -7*u. Suppose 2*s - u*b = -b + 33, 5*s + 3*b = 135. What is the greatest common factor of 8 and s?
8
Let o be (-1)/5 - 1942/(-10). Let k = o + -101. Suppose -459 = -5*x + d + d, x - d = k. Calculate the greatest common factor of 13 and x.
13
Suppose 0*u = u - 1. Let i be 0 + (u - -4) + -1. Suppose -p + 3*p - 2*y - 58 = 0, -4*y = i*p - 140. What is the greatest common divisor of 48 and p?
16
Let s(u) = u**3 - 6*u**2 + 3*u - 7. Suppose -3*v + v = 22. Let p(k) = -k - 5. Let d be p(v). Let r be s(d). Calculate the greatest common factor of 11 and r.
11
Let f(u) = u. Let c be f(-3). Let b(t) = 6*t**2. Let k be b(1). Let g be (297/k)/(c/(-6)). What is the highest common factor of g and 9?
9
Suppose -2*s + 5*j - 11 + 61 = 0, -75 = -3*s - 3*j. What is the highest common divisor of s and 10?
5
Suppose -4 + 1 = -o. Let a be 128/4 - (-3)/o. Calculate the greatest common factor of a and 3.
3
Let y be ((-1)/3)/((-1)/183). Suppose 19 = 3*x - 5*k - y, 120 = 5*x - 5*k. Calculate the greatest common factor of x and 10.
10
Let s = -42 - -51. Calculate the greatest common divisor of 45 and s.
9
Suppose 2*z - 109 = -19. Let c = -31 + z. Calculate the greatest common factor of c and 28.
14
Suppose -10 = -3*a - 0*a - w, 2*w = -2*a. Suppose -3*i = -2*n + 49 + 31, 0 = -a*n - 2*i + 162. What is the greatest common divisor of 17 and n?
17
Suppose 5*m + 202 = -4*z, 2*z + 2*z = 5*m + 178. Let j be 4/(-6)*-3 - m. Let k = -4 - -14. What is the highest common divisor of k and j?
10
Suppose 2*g - g = 5*z - 8, 5*g = -z + 12. Let c(j) = 2*j**2 - 4*j + 2. Let u be c(2). Let b be (2 + 3)*2/u. What is the greatest common factor of z and b?
1
Let h be 9 + (1 + -13)/3. Calculate the greatest common factor of h and 1.
1
Let b be (-5 + 3)/(1/72). Let h = b - -300. Suppose -6 = -2*l, -4*p - 2*l = -6*l - h. What is the greatest common divisor of p and 6?
6
Let h(m) = m + 6. Let c be h(8). Suppose -4*b + 286 = c. Calculate the greatest common factor of 17 and b.
17
Let w be 380/60 - 4/3. What is the highest common factor of 1 and w?
1
Let n be -1 + 8/4 + 10. Let u = -19 - -47. Suppose -h + u = -93. Calculate the greatest common factor of h and n.
11
Let k(q) = -q**2 - 7*q - 7. Let s be k(-5). What is the greatest common factor of 3 and s?
3
Let q be 3/(3/(-2)) - 11. Let l be (-4)/(-6) - q/3. Let u(s) = -s**2 + 5*s + 2. Let y be u(l). What is the highest common divisor of y and 6?
2
Let c be (-2)/(-1*4/14). Suppose -m + 1 = 0, -2*q + m - 3*m + 114 = 0. Calculate the highest common divisor of c and q.
7
Let y(x) = -2*x. Let n be y(-6). What is the highest common divisor of n and 6?
6
Let v = 4 - 4. Suppose v = -u - 0 + 1. Calculate the highest common factor of 1 and u.
1
Let s(m) = 37*m - 3. Suppose 0 = 21*x - 20*x - 1. Let l be s(x). Calculate the greatest common divisor of l and 34.
34
Let s be 0 + 15 - 14/(-7). What is the greatest common divisor of 119 and s?
17
Suppose 0 = 2*k - 0*k - 2. Suppose 4*f - k = 7. What is the greatest common factor of 14 and f?
2
Suppose 773 - 89 = 4*r. Let t(d) = -7*d - 30. Let u be t(-7). What is the highest common divisor of r and u?
19
Let y = 420 + -300. What is the highest common divisor of 15 and y?
15
Suppose -3*q - 2*q + 60 = 0. Let h(n) = 2*n**3 - 2*n. Let b be h(3). What is the greatest common divisor of b and q?
12
Let z(b) = -b**3 + 8*b**2 - 3*b + 1. Let h be z(6). Suppose 8*v = 3*v + h. What is the highest common factor of v and 88?
11
Let w be (2 + -1)/(0 + 1). Let t be -1*4/(-2) + 1. Let j = 4 - t. Calculate the highest common divisor of j and w.
1
Suppose q + r = -7, 4*r = 2*q - 8 - 2. Let t = 3 + q. Let u be 102*(t - (-12)/9). Calculate the gre